t are the prime factors of b?
5, 17
Let r be (-3 - (-18)/8)*-4. Suppose -2*m + r*m = 53. Suppose 4*k + m = 3*j, 1 + 3 = -2*k. What are the prime factors of j?
3, 5
Suppose -1917 = -3*s - 5*y + 1266, 4273 = 4*s - 3*y. List the prime factors of s.
2, 13, 41
Let d = -3 - -1. Let z be 22/((-21)/27 + (-2)/9). Let f = d - z. What are the prime factors of f?
2, 5
Let o = -328 + 482. What are the prime factors of o?
2, 7, 11
Let p(l) = l**2 - 6. Let j be p(5). Suppose -2*o = -2*r - 62, -27*r - 62 = -2*o - 29*r. Let y = o - j. What are the prime factors of y?
2, 3
What are the prime factors of 27/((-729)/4680)*-21?
2, 5, 7, 13
Let h be (1 - 2) + (-15)/5. List the prime factors of h/(-3 + 7)*-45.
3, 5
Let r(y) = y**2 - 3. Let s be r(2). Suppose -o - s = -3. What are the prime factors of 2/(-4)*-37*o?
37
Suppose 352*w = 355*w - 300. List the prime factors of w.
2, 5
Let s(b) = 540*b**2 - 8*b - 8. What are the prime factors of s(-1)?
2, 3, 5
Let h be (3*4/(-3))/(-1). Suppose -g = -h*g + 759. What are the prime factors of g?
11, 23
Let n = -295 + 615. Suppose -4*k - k + n = 0. List the prime factors of k.
2
Suppose -h = 5*l - 2718, -1092 = -l - l - 2*h. What are the prime factors of l?
3, 181
Suppose -901 = 4*g - 3957. What are the prime factors of g?
2, 191
Suppose 4*m - 449 = z, m - 5*m + 5*z + 469 = 0. List the prime factors of m.
3, 37
Let r(a) = -12*a + 7 + 0*a**3 + 8 + a**3 + 0*a - 10*a**2. Let s be r(11). Let t(g) = 2*g**2 - 6*g + 14. What are the prime factors of t(s)?
2, 11
Let i be 2/14 + 1017/(-63). Let b = -3 - i. Suppose -b = -4*o + 3. What are the prime factors of o?
2
Suppose -17*t + 64448 = -23680. What are the prime factors of t?
2, 3
Let o = 8067 + -4113. List the prime factors of o.
2, 3, 659
List the prime factors of (-2068)/(-3)*(126/14 + -6).
2, 11, 47
Let k(l) = -l**2 + l + 2. Let t be k(-2). Let v be -6*(t/(-8) - -2). Let x = 13 - v. List the prime factors of x.
2, 7
Suppose 782 = 16*u - 6162. List the prime factors of u.
2, 7, 31
Let v be (-9)/2*(-4)/(-3). Let a(c) = -c**3 - 31*c**2 + 12. Let f be a(-31). Let q = f + v. What are the prime factors of q?
2, 3
Suppose -17 = s - 15. List the prime factors of (s/8)/(-1 + (-326)/(-328)).
41
Suppose -w - 72 = 2*w. Let d = -21 - w. Suppose q - 6 = -d*g + 67, 5*g - 99 = 4*q. What are the prime factors of g?
23
Suppose 269*c - 3352 = 265*c. List the prime factors of c.
2, 419
Suppose i - 3 = -0. Suppose -i*m - 6 = -12. Suppose 0 = m*z - 0*z - 46. What are the prime factors of z?
23
Let r = 38 - 35. Suppose 0 = -r*m - 35 - 7. List the prime factors of (-552)/m - 28/(-49).
2, 5
Let j = -1144 - -1410. List the prime factors of j.
2, 7, 19
Let h = -960 - -2360. What are the prime factors of h?
2, 5, 7
Let q = 155 + -104. Suppose -79 = -5*o + q. Suppose -2*l + 44 = -o. List the prime factors of l.
5, 7
Let o(x) = 53*x**2 + 3*x. List the prime factors of o(7).
2, 7, 11, 17
Let r(c) = c**3 - 4*c**2 - 4*c - 1. Let n = -11 - -13. Let d be (-1)/n + (-110)/(-20). What are the prime factors of r(d)?
2
Let t be 2/13 - (-82)/(-26). Let g(l) = -l**2 - 4*l + 1. Let x be g(t). Suppose 0 = -2*r - 4*n + 2, n + 60 - 20 = x*r. List the prime factors of r.
3
Let u(l) = -23*l**3. Suppose -5 = -w + 2*w. Let r = w - -4. List the prime factors of u(r).
23
Suppose 29 = 5*h - 31. Suppose 0*j = -2*s + j - 4, -h = s + 2*j. Let z = s + 47. List the prime factors of z.
43
Let m(q) = 47*q - 2. Let r(z) = 187*z - 7. Let b(c) = -9*m(c) + 2*r(c). What are the prime factors of b(-2)?
2, 3, 17
Let f = 21 + -10. Suppose -5*t = f - 46. Let y = t - -23. What are the prime factors of y?
2, 3, 5
Suppose -3*a - 13 - 17 = 0. Let d be (3 + a)/(1/(-3)). Let b = d - 13. What are the prime factors of b?
2
Suppose 0 = -2*w - 5*l + 1055 - 217, -1736 = -4*w + 5*l. List the prime factors of w.
3, 11, 13
Suppose w = -5*p + 5164, 7*w - 11*w = -5*p - 20681. What are the prime factors of w?
3, 1723
Let b(f) = f**3 + f**2 + f + 1. Let l(d) = 4*d**3 - 8*d**2 + 22*d + 9. Let w(j) = 5*b(j) - l(j). Let r = -6 - 8. What are the prime factors of w(r)?
2, 19
Suppose 3*z = n + 520 + 666, -2*z + 4*n + 804 = 0. List the prime factors of z.
2, 197
Let q = 931 + 114. List the prime factors of q.
5, 11, 19
Let y(x) = -4*x - 26. Let m(l) = l**3 + 6*l**2 - 14. Let a be m(-6). List the prime factors of y(a).
2, 3, 5
Suppose -2*z = 4*c - 36, 2*z + 5 = 3*c + 6. Suppose -d - z + 2 = 0. Let t(k) = -k**3 - 5*k**2 + 4*k - 8. What are the prime factors of t(d)?
2
Let j = 42 + -37. Suppose -v - 267 = -j*n - 0*v, -153 = -3*n - 3*v. List the prime factors of n.
53
Let b(a) = 3*a + 4. Let y be (0/4 + 2)/1. Suppose 16 = y*t + 2*t. List the prime factors of b(t).
2
Let f = 35 + -50. Let n = f + 17. Suppose -u - n = 0, 2*q + 6*u = u + 66. What are the prime factors of q?
2, 19
Let q be 1/(-2) - (-54)/12. Suppose 0 = q*a - k - 278, 3*k - k + 211 = 3*a. What are the prime factors of a?
3, 23
Suppose -3*m + 2*m - 2*z + 444 = 0, -5*m + 2244 = 4*z. What are the prime factors of m?
2, 113
Let t(p) = -3*p**2 + 13*p + 3. Let n(x) = 4*x**2 - 12*x - 4. Let q(s) = 2*n(s) + 3*t(s). Let r be (-106)/(-8) + 16/(-64). List the prime factors of q(r).
3
Suppose d = -3*h + 2033, 4*h - 7*d = -2*d + 2698. Suppose 0*i - i = -2*p - 161, -4*i + h = 3*p. What are the prime factors of i?
167
Suppose 9*w - 1067 - 526 = 0. List the prime factors of w.
3, 59
Let v = 19 - 13. Suppose 276 = v*b - 0*b. List the prime factors of b.
2, 23
Let h = 3 - 0. Let t(w) = 2*w**2 + 8*w - 2. Let f be t(-6). Suppose h*o = -m - o + f, -2*m + 5*o + 5 = 0. List the prime factors of m.
2, 5
Suppose -546 = -j + 786. What are the prime factors of j/9 - (2 + -5)?
151
Let m be 6/(-10) - (-2)/(-5). Let c(i) = 22*i**2 - 1. Let t be c(m). Suppose 0 = u - t + 3. List the prime factors of u.
2, 3
Suppose -v = -w - 1974, -2*v + 3*w = -5*v + 5946. List the prime factors of v.
2, 23, 43
Let s = -14 - -87. Let a = 131 - s. What are the prime factors of a?
2, 29
Let p(x) = x**3 + 14*x**2. Let r = -29 - -15. Let c be p(r). Suppose -5*q + 2*m = -143, c*m + 42 = 2*q + 3*m. What are the prime factors of q?
3
Let m be (-2)/7 + (-4 - 115/(-35)). What are the prime factors of 1 + (2 - m) + (41 - -147)?
2, 3
Let d be -5*1/(-2)*2. Suppose d*v = 75 + 20. What are the prime factors of v?
19
Let c = 967 - 400. What are the prime factors of c?
3, 7
Let q = 3760 + -468. List the prime factors of q.
2, 823
Suppose 0 = 2*c - 34*g + 30*g - 1168, 0 = 3*c - 5*g - 1757. List the prime factors of c.
2, 3, 11
Suppose -5*o = -15 - 20. Let y(i) = -5*i + 9. Let f(l) = 6*l - 9. Let u(z) = -3*f(z) - 4*y(z). List the prime factors of u(o).
5
Let a be (0 + (-2)/(-2))/(4/(-308)). Let q = a - -296. List the prime factors of q.
3, 73
Suppose 6*s = 2*s - 5*f + 17, 8 = 2*s + 2*f. Suppose 0 = -x - s*x + 176. List the prime factors of x.
2, 11
Suppose 169070 = 69*q - 11*q. List the prime factors of q.
5, 11, 53
Let a(l) = -5*l**2 + l**3 + 3*l + 5 + 3*l**2 + 5*l. List the prime factors of a(6).
197
Suppose d = -2*v + 2 - 1, 4*d - v - 22 = 0. Let c(g) = -2*g + 0 + 2 + g**2 + 0 + 3*g. List the prime factors of c(d).
2
Suppose 2*n = -6, 5*n + 693 = 2*o - 86. List the prime factors of o.
2, 191
Suppose 4*q = -4*l - 28, q + 5*l - 10 + 29 = 0. Let y be 1 + (-4 - 76/q). Suppose 5*t - y = 64. List the prime factors of t.
2
Let s(i) = 12 + i - 9 + 16. What are the prime factors of s(7)?
2, 13
Suppose 4*g - 4*n = 6192, 2*n + 801 = -2*g + 3885. What are the prime factors of g?
3, 5, 103
Suppose 3*f - 3*v = 540, f - 4*v - 117 = 51. List the prime factors of f.
2, 23
Let g(n) = n**2 - 6*n + 8. Let q = -44 - -57. List the prime factors of g(q).
3, 11
Let r = 1 + 3. Suppose 117 = -r*m + 457. List the prime factors of m.
5, 17
Suppose -6*o + 13*o - 7399 = 0. What are the prime factors of o?
7, 151
Let n = 130 - -110. What are the prime factors of n?
2, 3, 5
Suppose b + m = -1, m + 25 = 3*b - 8*b. Let z(x) = -30*x - 26. List the prime factors of z(b).
2, 7, 11
Let x = 1288 - -54. List the prime factors of x.
2, 11, 61
Let y = -97 - -270. List the prime factors of y.
173
Let v(a) = -4*a - 90 + 44 + 48. What are the prime factors of v(-19)?
2, 3, 13
Let q = -3 - -3. Suppose q*r + 5*r - 50 = 0. Suppose -14 = -3*o + r. List the prime factors of o.
2
Let p(j) be the third derivative of -j**6/